 factor of 1293523?
True
Is 1262393 a multiple of 4?
False
Does 27 divide 1129491?
True
Is 2463 a multiple of 646?
False
Is 894326 a multiple of 13?
False
Is 624 a factor of 8589443?
False
Does 626 divide 1996591?
False
Is 186245 a multiple of 41?
False
Is 121 a factor of 317383?
True
Is 4552488 a multiple of 6?
True
Is 15 a factor of 61630?
False
Is 2443181 a multiple of 71?
True
Is 4429527 a multiple of 444?
False
Is 26 a factor of 152684?
False
Is 4 a factor of 10212?
True
Is 329507 a multiple of 11?
False
Does 16 divide 5374384?
True
Does 6 divide 168212?
False
Is 3 a factor of 3633412?
False
Is 1580 a factor of 4776340?
True
Does 2 divide 41529?
False
Does 341 divide 1340130?
True
Is 265 a factor of 1525466?
False
Is 1356106 a multiple of 127?
True
Does 14 divide 166558?
True
Does 32 divide 243957?
False
Does 19 divide 1492481?
False
Does 7 divide 488404?
True
Does 331 divide 12909?
True
Does 10 divide 5435?
False
Does 23 divide 201635?
False
Is 15524 a multiple of 4?
True
Is 4524596 a multiple of 41?
True
Is 71 a factor of 8764370?
False
Does 16 divide 69422?
False
Is 648 a multiple of 2?
True
Is 18 a factor of 3665851?
False
Does 22 divide 1084160?
True
Is 2040973 a multiple of 53?
False
Is 4753075 a multiple of 31?
True
Does 10 divide 213870?
True
Is 64 a factor of 7577?
False
Does 32 divide 4948028?
False
Is 1137630 a multiple of 5?
True
Is 424852 a multiple of 375?
False
Is 48767 a multiple of 56?
False
Is 876794 a multiple of 398?
True
Is 19 a factor of 15333?
True
Is 441579 a multiple of 532?
False
Does 110 divide 2565438?
False
Does 49 divide 1791881?
True
Is 63 a factor of 778963?
False
Is 37 a factor of 3626?
True
Does 445 divide 43610?
True
Is 19992 a multiple of 49?
True
Is 6 a factor of 2275198?
False
Is 132328 a multiple of 51?
False
Does 13 divide 7587792?
False
Is 71 a factor of 94215?
False
Is 5706750 a multiple of 1050?
True
Is 369155 a multiple of 11?
False
Is 19257242 a multiple of 12?
False
Is 14 a factor of 251580?
True
Is 163190 a multiple of 11?
False
Does 184 divide 15110816?
True
Is 136 a factor of 7106185?
False
Is 737062 a multiple of 20?
False
Is 646412 a multiple of 425?
False
Does 206 divide 480804?
True
Does 201 divide 968956?
False
Is 910195 a multiple of 19?
True
Is 17 a factor of 297497?
False
Does 6 divide 562924?
False
Does 97 divide 1503021?
False
Does 11 divide 2023582?
True
Is 2 a factor of 189085?
False
Is 330770 a multiple of 31?
True
Is 686080 a multiple of 16?
True
Does 6 divide 269850?
True
Is 3468336 a multiple of 54?
False
Is 1713292 a multiple of 13?
False
Is 5713750 a multiple of 362?
False
Does 171 divide 29070?
True
Does 6 divide 5785?
False
Is 13120 a multiple of 20?
True
Does 30 divide 1256160?
True
Is 8 a factor of 108189?
False
Is 3 a factor of 575956?
False
Does 443 divide 30823054?
True
Is 43138 a multiple of 161?
False
Is 3188660 a multiple of 11?
False
Is 683595 a multiple of 15?
True
Does 18 divide 33840?
True
Does 809 divide 844596?
True
Does 17 divide 1497?
False
Is 9857683 a multiple of 2068?
False
Is 64150 a multiple of 25?
True
Is 1250517 a multiple of 70?
False
Does 116 divide 115884?
True
Is 139 a factor of 2247630?
True
Is 4793500 a multiple of 125?
True
Does 11 divide 606894?
False
Does 5 divide 176520?
True
Is 17 a factor of 93128?
False
Does 500 divide 2982000?
True
Is 610200 a multiple of 270?
True
Is 7 a factor of 163653?
True
Is 1411 a factor of 8282570?
True
Is 618542 a multiple of 213?
False
Is 497487 a multiple of 612?
False
Is 139797 a multiple of 317?
True
Is 7 a factor of 537040?
True
Is 18296636 a multiple of 11?
False
Does 32 divide 1509728?
True
Is 4 a factor of 105337?
False
Is 278 a factor of 1433368?
True
Is 2136758 a multiple of 13?
True
Is 830 a factor of 320622?
False
Is 748840 a multiple of 277?
False
Is 80 a factor of 16320?
True
Is 82 a factor of 150962?
True
Is 162 a factor of 2208056?
False
Is 163935 a multiple of 84?
False
Does 17 divide 4611614?
False
Does 44 divide 2170273?
False
Does 25 divide 264789?
False
Is 117 a factor of 60566?
False
Is 1608950 a multiple of 36?
False
Is 1105 a factor of 11254254?
False
Is 112 a factor of 638176?
True
Does 54 divide 316602?
True
Does 1750 divide 2606001?
False
Is 378920 a multiple of 40?
True
Does 91 divide 823296?
False
Does 10 divide 447791?
False
Does 24 divide 219345?
False
Is 1533 a factor of 5711958?
True
Does 49 divide 1943986?
False
Is 340 a factor of 1355815?
False
Does 149 divide 480227?
True
Does 7 divide 85122?
False
Is 686560 a multiple of 80?
True
Is 103 a factor of 111790?
False
Is 150 a factor of 1848600?
True
Is 2009556 a multiple of 207?
True
Is 5 a factor of 629077?
False
Does 38 divide 179436?
True
Is 713230 a multiple of 230?
True
Does 12 divide 9773496?
True
Does 155 divide 2075674?
False
Is 471014 a multiple of 139?
False
Does 11 divide 3858536?
True
Does 5 divide 116733?
False
Is 304 a factor of 4004592?
True
Is 249 a factor of 484132?
False
Is 35 a factor of 19263869?
False
Is 222285 a multiple of 105?
True
Is 2082575 a multiple of 55?
True
Does 125 divide 1371000?
True
Does 18 divide 621522?
True
Is 1532 a factor of 995808?
False
Is 511378 a multiple of 7?
True
Is 81 a factor of 70146?
True
Does 189 divide 69731?
False
Is 4176 a multiple of 3?
True
Does 508 divide 12187936?
True
Is 33 a factor of 6090052?
False
Is 269 a factor of 326649?
False
Does 14 divide 458332?
True
Is 971901 a multiple of 10?
False
Does 3 divide 2639478?
True
Is 1168040 a multiple of 40?
True
Does 3 divide 4063?
False
Does 7 divide 85862?
True
Is 86 a factor of 144136?
True
Is 263004 a multiple of 471?
False
Is 82 a factor of 7657816?
True
Does 36 divide 12284244?
True
Is 286 a factor of 511368?
True
Does 23 divide 957053?
True
Is 59246 a multiple of 27?
False
Is 2486423 a multiple of 14?
False
Is 13176953 a multiple of 8?
False
Is 48839 a multiple of 11?
False
Does 27 divide 3395732?
False
Is 128491 a multiple of 266?
False
Is 19 a factor of 68020?
True
Is 12 a factor of 10351?
False
Is 104 a factor of 5629104?
True
Does 55 divide 6969820?
True
Is 76 a factor of 316111?
False
Is 1845326 a multiple of 279?
False
Is 232320 a multiple of 10?
True
Does 19 divide 25093?
False
Does 23 divide 6139?
False
Is 24818720 a multiple of 160?
True
Does 29 divide 3125562?
True
Does 16 divide 10080?
True
Does 158 divide 370352?
True
Is 9144850 a multiple of 110?
True
Does 15 divide 33705?
True
Is 733 a factor of 31799704?
False
Is 3035401 a multiple of 17?
True
Is 107 a factor of 26108?
True
Does 1117 divide 13937926?
True
Does 329 divide 3775604?
True
Is 356 a factor of 81880?
True
Is 215024 a multiple of 174?
False
Is 1067960 a multiple of 246?
False
Is 18 a factor of 600858?
True
Is 27 a factor of 104544?
True
Does 13 divide 129126?
False
Does 22 divide 324235?
False
Does 277 divide 87402?
False
Does 309 divide 122982?
True
Is 46 a factor of 366770?
False
Is 82020 a multiple of 30?
True
Is 123 a factor of 86703?
False
Does 7 divide 1050070?
True
Is 631350 a multiple of 610?
True
Does 91 divide 164059?
False
Does 184 divide 825430?
False
Is 883 a factor of 22758442?
True
Is 52383 a multiple of 19?
True
Does 55 divide 243982?
False
Is 50 a factor of 606261?
False
Does 70 divide 249613?
False
Does 29 divide 4050299?
False
Is 41 a factor of 46585?
False
Is 175130 a multiple of 211?
True
Is 31396 a multiple of 94?
True
Is 24 a factor of 2235184?
False
Is 177 a factor of 48498?
True
Is 21 a factor of 1095717?
True
Is 12879 a multiple of 243?
True
Is 41976 a multiple of 106?
True
Does 14 divide 8398594?
False
Is 70 a factor of 177730?
True
Does 1314 divide 3075291?
False
Is 2310 a factor of 1764840?
True
Is 189897 a multiple of 50?
False
Is 4952850 a multiple of 53?
True
Is 2690874 a multiple of 18?
True
Is 289938 a multiple of 3?
True
Is 6 a factor of 976371?
False
Does 48 divide 40848?
True
Is 1073101 even?
False
Is 48 a factor of 1320144?
True
Does 13 divide 451815?
True
Is 75 a factor of 521625?
True
Is 86 a factor of 9352294?
False
Is 618774 a multiple of 26?
True
Does 17 divide 3513325?
False
Is 43938 a multiple of 9?
True
Does 39 divide 591318?
True
Is 6725 a multiple of 3?
False
Does 43 divide 561713?
False
Does 72 divide 26712?
True
Is 386868 a multiple of 12?
True
Does 4 divide 7352?
True
Is 5 a factor of 47411